 21. What is the remainder when 14 is divided by l?
4
Suppose 2*g = 3*g - 10. Suppose -2*r - 3*r + 95 = 0. Suppose -5*v + 30 = 2*l, v - r = -4*l + 5. Calculate the remainder when g is divided by v.
2
Let p = -278 + 406. Calculate the remainder when p is divided by 11.
7
Let w(x) = 82*x - 318. Calculate the remainder when w(5) is divided by 12.
8
Suppose m + 2*m + 174 = 0. Let y = m + 79. What is the remainder when 122 is divided by y?
17
Suppose 0 = 5*d + 2*q - 310, 3*q - 78 = -3*d + 117. Calculate the remainder when d is divided by (-27*18/324)/(6/(-128)).
28
Let t(y) = y**3 - 7*y**2 + 12*y + 2. Calculate the remainder when 16 is divided by t(5).
4
Suppose -380 = -19*m + 589. Calculate the remainder when 228 is divided by m.
24
Suppose -18 + 20 = -k. Suppose 0 = -5*n - 0*n + 35. What is the remainder when k/(-6)*(-66)/(-2) is divided by n?
4
Suppose -26289 = -59*i + 3270. Calculate the remainder when i is divided by 63.
60
Suppose 0 = -f - 6 + 25. Suppose n = -0*n + f. Calculate the remainder when 53 is divided by n.
15
Suppose 4*w - 5*w = 49. Let b = w - -73. Calculate the remainder when 119 is divided by b.
23
Let j = -88 + 133. What is the remainder when ((-132)/(-2))/((-6)/(-8)) is divided by j?
43
Suppose h + 3*h = 5*m + 126, 0 = h + m - 27. Let a = -32 - -116. What is the remainder when a is divided by h?
26
Let f(d) = d + 24. Let x be 64/(-12)*6/4. What is the remainder when 62 is divided by f(x)?
14
Let x = -181 + 235. Calculate the remainder when 156 is divided by x.
48
Let a be 174/54 + (-2)/9. Suppose a*b + 40 = 2*b - 4*q, -4*q = 5*b + 136. Let g = b - -36. Calculate the remainder when 35 is divided by g.
11
Let g(a) = -11*a - 5. Let t be g(-6). Let f = t + -44. Calculate the remainder when 32 is divided by f.
15
Calculate the remainder when (-308)/(-7) + 5 - (-6 + 2) is divided by (3 - 3 - -2)*14.
25
Suppose 0 = j + 3*j - 432. Let a = j + 40. Calculate the remainder when a is divided by 25.
23
Let k(t) = -t + 12. Let d be k(5). Let c(f) = -f**2 + 9*f - 3. Calculate the remainder when (-1)/2 - (-107)/2 is divided by c(d).
9
Let f(c) be the third derivative of c**4/6 - 4*c**3/3 - 10*c**2. Let v be f(3). Suppose -v*m = -3*m - 14. What is the remainder when 55 is divided by m?
13
Let x be (0 + 28)*(15/(-6) + 4). Suppose x = 2*t - 5*m + m, -4*t = 4*m - 48. Let w = 15 - 9. Calculate the remainder when t is divided by w.
3
Let p be (-66)/(-36) + 3/18. What is the remainder when p/((-12)/16 - -1) is divided by 5?
3
Suppose 20*v - 11*v = 234. What is the remainder when 122 is divided by v?
18
Suppose -2*n + 815 = 3*z, 11*n - 5 = 6*n. What is the remainder when z is divided by 29?
10
Let t(d) = d**3 - 12*d**2 + 3*d - 7. Let z(s) = -20 - 27 + s**2 + s + 43. What is the remainder when t(12) is divided by z(3)?
5
Let v = -25 - -36. Suppose 3*b - v = 34. What is the remainder when b is divided by 9?
6
What is the remainder when (-1664)/(-10) + ((-432)/(-45) - 10) is divided by 50?
16
Let n(f) = -57*f**3 - 2*f**2 - 2*f - 2. Suppose -p + 95 = 4*p. Calculate the remainder when n(-1) is divided by p.
17
Let x(j) = 5*j**3 - 2*j**2 - 7*j + 1. Calculate the remainder when x(3) is divided by 17.
12
Let d be 1944/56 + 3 + (-2)/(-7). Let g = d + -10. What is the remainder when 50 is divided by g?
22
Suppose -4*n + 3*n = -59. Suppose -29 = o - n. What is the remainder when o is divided by 8?
6
Let h be (-2)/(-9) + (1925/45 - 4). Let g = -16 + h. Calculate the remainder when g is divided by 6.
5
Let v = 23 + -14. Let r = -60 + 22. Let p = r + 43. Calculate the remainder when v is divided by p.
4
Suppose 0 + 49 = 4*r + 3*a, 0 = -5*r - 5*a + 60. Calculate the remainder when 71 is divided by r.
6
Suppose -203 - 31 = -9*l. Calculate the remainder when l is divided by 5.
1
Let h(p) = -3*p + 1. Let s be h(-7). Suppose -2*i + 4*d + s = 0, 3*i - 2*d - 26 = -i. What is the remainder when i is divided by 5?
0
Let w be (8/(-6))/(16/(-36)). Suppose -38 = -3*q - 5*n + n, -3*q + w*n = -24. Let a = 6 - 3. What is the remainder when q is divided by a?
1
Let l(q) = -7*q**3 - 3*q + 1 + 4*q**2 - 4*q**3 + 13*q**3. Calculate the remainder when l(2) is divided by 6.
3
Suppose 3*o = 87 + 3. Let t = -7 + 95. What is the remainder when t is divided by o?
28
Let t = 23 + -11. Let h = 32 - t. Suppose 0 = 3*v - 31 - 83. What is the remainder when v is divided by h?
18
Suppose 9*p - 24 = 7*p. What is the remainder when p/15*-6*-10 is divided by 25?
23
Let j = 30 + -11. Let u(x) = 126*x + 825. Calculate the remainder when u(-6) is divided by j.
12
Let z(c) = -c. Let t(y) = -15*y + 3. Let l(w) = -3*t(w) + 36*z(w). Let g be l(9). What is the remainder when 51 is divided by ((-6)/(-4))/(4/g)?
24
Calculate the remainder when (1/3)/((-14)/(-10836)) is divided by 64.
2
Let t = -4 - -10. What is the remainder when (-12)/5*(-120)/18 is divided by t?
4
Let v = 184 + -171. Calculate the remainder when (-4)/(-8)*-50*-1 is divided by v.
12
Let h(s) = 4*s**2 + 24*s + 25. What is the remainder when (190/8)/(-5)*-4 is divided by h(-5)?
4
Suppose -3*z - 6*j = -336, -j + 233 = z + z. Calculate the remainder when 216 is divided by z.
98
Let y = 590 + -196. Calculate the remainder when y is divided by 66.
64
Let d = -32 - -32. Suppose k = -5*y - k + 219, d = -2*y + 4*k + 78. What is the remainder when y is divided by 12?
7
Let p(j) = -27*j + 16*j + 19 + 12*j. What is the remainder when 68 is divided by p(-5)?
12
Suppose 2*m = 2*q + 10, -5*q - m - 3*m = 52. Calculate the remainder when (-6)/(4/(4/(-1))) is divided by q + 9 + (0 - -4).
1
Suppose -86 = -z + 48. Let i = z - 75. What is the remainder when i is divided by 31?
28
Suppose -r + 3*p - 3 - 5 = 0, -4*r = -2*p + 12. Calculate the remainder when 5*(2 + 5 + r) is divided by 13.
12
Let v = 16 - 13. Suppose 2*n - b - 6 = 0, -v*n = -n - 4*b - 12. Let z(d) = 2*d**3 + 3*d**2 - d + 1. What is the remainder when z(n) is divided by 10?
7
Suppose -19 = 6*n - 79. Suppose 5*m - 285 = 4*r, -r + 8 = -3*m + 179. What is the remainder when m is divided by n?
7
Let d be ((-3)/(-4))/(8/192). Calculate the remainder when 1002/d + (-2)/3 is divided by 14.
13
Suppose -w = 2*c - 181, 0 = -c - w - 0*w + 90. Suppose -5*k + 123 = -4*s, 3 - 28 = -k + s. Calculate the remainder when c is divided by k.
22
Let n(q) = q**2 - 16*q + 9. Let x be n(17). Suppose 3*u - 173 + x = -3*y, 4*u - 4*y - 164 = 0. What is the remainder when u is divided by 16?
13
Let u = 58 - 32. Let g be u/(-39) + 17/3. Suppose -4*x = -5*y - 129, 0*x - 36 = -x + g*y. Calculate the remainder when x is divided by 17.
14
Suppose f + 0*f = 23. Let k(u) = -u**2 - u - 1. Let x(h) = -5*h**2 + 8*h + 36. Let y(g) = 6*k(g) - x(g). Calculate the remainder when f is divided by y(-8).
5
Suppose x - 57 = 5. Let r = x - 59. What is the remainder when 3 is divided by r?
0
Let y(d) = -d**2 - 15*d - 18. Let v be y(-14). Let i be (-4)/(v + 0) - -59. Suppose i - 24 = 4*f. Calculate the remainder when 25 is divided by f.
7
Let d = 1580 + -1536. What is the remainder when d is divided by (6/(-4))/((-1)/10)?
14
Let s = 413 + -134. What is the remainder when s is divided by 8?
7
Suppose 51 = 5*y + 21. Suppose 5*d - 20 = 0, 4*u - 7*u = -d + 4. Let h = 9 + u. Calculate the remainder when h is divided by y.
3
Let p = -44 + 46. Calculate the remainder when 25 is divided by (p*(-2)/(-4))/((-5)/(-50)).
5
Let q(c) be the first derivative of -c**2 + 46 - 2*c - 39 + 3*c**2. Calculate the remainder when q(7) is divided by 9.
8
Let k = 9 - 6. Let t(p) = 7*p + 4. Calculate the remainder when t(k) is divided by ((-390)/80)/13 + 230/16.
11
Let j = -16 + 91. What is the remainder when j is divided by 41?
34
Let c = 825 + -411. Calculate the remainder when c is divided by 26.
24
Let p(q) = 18*q - 22*q + 0 - 19. What is the remainder when 7 is divided by p(-5)?
0
Let a(m) be the second derivative of 0 + 7/12*m**4 + 11/2*m**2 - 1/20*m**5 - 4/3*m**3 + 6*m. Calculate the remainder when 82 is divided by a(5).
19
Suppose 2*t - 3*b - 262 = 0, 39*t - 35*t = -5*b + 546. What is the remainder when t is divided by 40?
14
Let y = -181 - -198. Let z(b) = 43*b + 12. Calculate the remainder when z(6) is divided by y.
15
Let b(d) = -d**3 + 6*d**2 + d + 6. What is the remainder when ((-35)/(-7))/((-1)/(-7)) is divided by b(6)?
11
Calculate the remainder when (-